z = -4*i - 57 + 4, -4*i - 4*z = 48. Determine t(i).
4
Let k = 27 - 25. Suppose -a = -2*a + 2. Suppose -l - 1 = c + k, -a*c - 6 = l. Let j(z) = -z**3 - z**2 + z + 4. Determine j(l).
4
Let k(y) be the second derivative of 2*y + 3/2*y**2 + 1/2*y**3 + 0. Suppose 3*i = 3*n - 2*i + 7, 4*n = -5*i - 21. Give k(n).
-9
Suppose -2 = v - 0. Let c(d) be the third derivative of d**4/24 + d**3/2 - 6*d**2. What is c(v)?
1
Let d be 0*(0 + 1 + 0). Let o(x) be the first derivative of x**3/3 - x**2/2 + 9*x - 6. Calculate o(d).
9
Let w(u) = u. Suppose 3*p - 5*n - 5 = 0, -p = -0*n - 4*n - 11. Calculate w(p).
-5
Let q(u) = 6*u + 3. Let h(v) be the third derivative of v**5/60 - v**3/6 + 4*v**2. Let m be h(-1). Suppose -x - 2 = -m. Calculate q(x).
-9
Let d(b) = -b + 3. Let j be d(0). Suppose -4*l = 3*n + 4 - 3, -2*l + n = -7. Let y(a) = -a**2 + 2*a + 2*a**l - 2 + j*a. What is y(-5)?
-2
Let b(k) = -2*k + 4. Let j(g) = -g**2 + 1. Let q(s) = -b(s) + 3*j(s). Determine q(2).
-9
Let f be (-22 - -2)*2/(-4). Suppose 2*h - 6 = 5*o - h, -5*o + 5*h = f. Let j(s) = s + 5. Calculate j(o).
5
Let y be (1/8)/(3/4). Let u(c) be the second derivative of 1/12*c**4 - c**2 - y*c**3 + 0 + 2*c. What is u(-2)?
4
Let g be 18/((2 - 5)/(-3)). Suppose 0 = -4*m + 20, -m + g = -2*b + m. Let q be b/(-6) + 5/(-3). Let o(v) = -v - 1. Calculate o(q).
0
Let a(i) = -i**3 + i**2 + 3*i - 1. Let r = 0 - 4. Let b(d) = -2*d**3 + d**2 + 7*d - 2. Let s(m) = r*b(m) + 9*a(m). What is s(5)?
-6
Let r(z) = -3*z - 2. Let b be r(-2). Let t = -3 + b. Let j(c) = -t - c + 0 - c. What is j(1)?
-3
Let u(l) = -5*l - 1. Let n(o) = 9*o - 1. Let h(f) = 26*f - 2. Let k(c) = 3*h(c) - 8*n(c). Let m(q) = 4*k(q) + 5*u(q). Calculate m(-5).
8
Let r = -3 + 0. Let v(t) be the second derivative of -t**3/6 - 5*t**2/2 - 3*t. Give v(r).
-2
Let n(h) be the second derivative of h**7/210 - h**5/120 + h**4/24 - h**3/3 - h. Let v(q) be the second derivative of n(q). Let p = -1 - -2. Determine v(p).
4
Let y(q) = q**3 + 4*q**2 + 3*q + 4. Let w = 15 - 15. Suppose 2*r + 14 = -2*z - 0*z, w = 3*r - 4*z. Calculate y(r).
-8
Let u(o) = o**3 + 6*o**2 + 6*o - 6. Let t(y) = 2 + 4 - 1 - 6*y - 10*y**2 - y**3 + 4*y**2. Let a(g) = 7*t(g) + 6*u(g). Calculate a(-5).
4
Let g(p) be the third derivative of p**5/60 + p**4/24 + p**3/3 - p**2. Let u = -29 - -18. Let j = u - -8. What is g(j)?
8
Let z(m) be the second derivative of -m**5/20 - 5*m**4/12 + 3*m**3/2 + m**2 + 35*m. Give z(-6).
-16
Suppose -a = 6 - 1. Let z(h) = -h**3 - 6*h**2 - 7*h + 1. Let f(g) = 2*g**3 + 12*g**2 + 14*g - 3. Let s(b) = 2*f(b) + 5*z(b). Give s(a).
9
Suppose -z - 2 = z. Let r(s) be the second derivative of -s**5/20 - s**4/6 - s**3/6 + 5*s. Determine r(z).
0
Suppose -15 = 5*k, -3*k - 5 = -z + 4. Let h(n) = 1 + 3 + 2*n + z. Let t = -13 + 16. Give h(t).
10
Suppose 5*w - c = -0*c - 26, 4*w - 2*c = -22. Let t be 10/(-4)*6/w. Let l(h) = -6*h**2 - 2 + 0*h**3 + 0*h + h**3 + h + t*h. Give l(5).
-7
Let m(a) be the second derivative of -a**3/6 - 4*a**2 + a. Let n(t) be the second derivative of -t**3/3 + 6*t**2 - 4*t. Let u be n(8). What is m(u)?
-4
Let k(t) = -t - 8. Let w = -7 - -7. Suppose 5*l - l + 24 = w. Let y be k(l). Let m(n) = -n**3 - 3*n**2. Give m(y).
-4
Let r(v) = v**2 + 12*v + 6. Let h(g) be the second derivative of -g**3/6 - g. Let p(m) = -5*h(m) - r(m). Give p(-5).
4
Suppose -4*u = 16, 3*s = 3*u + 12 + 9. Let y be (-2 + 2)/(s - 1). Let k(l) = -l + 1. Give k(y).
1
Let o(n) = n**3 + 3*n**2 - 4*n. Let l be o(-4). Let g(f) = -7*f + 3*f + l + 0. Give g(-2).
8
Let w(i) = 2*i**2 - i - 2. Suppose -3*m + 6 = -3. Suppose -8 + 2 = -m*n. Give w(n).
4
Let c(s) = -11*s**2 - 6 + 12*s**2 - 10*s + 3. Determine c(10).
-3
Let p(l) be the third derivative of 7*l**2 + 0 + 1/6*l**4 + 0*l + 1/3*l**3 - 1/60*l**5. Determine p(5).
-3
Let u(o) = o**2 - o - 6. Let n = -8 - -8. Give u(n).
-6
Let u = -6 + 2. Let r(v) = v - 7*v + 9 + 7*v. Determine r(u).
5
Let w(k) = 5*k + 39. Let v(o) = o + 10. Let z(c) = -9*v(c) + 2*w(c). Calculate z(8).
-4
Let t(o) be the second derivative of o**3/6 - 3*o**2/2 + 2*o. Let l be -2 - 1*(-3 + 1). Determine t(l).
-3
Let n(h) = -h**3 + h + 1. Let u = 2 + 2. Suppose -p - u = -3. Give n(p).
1
Let q(v) = 4*v - 6. Let a(t) = 2*t - 3. Let l(x) = 11*a(x) - 6*q(x). What is l(6)?
-9
Let y(a) = -a**3 + 7*a**2 - 11*a + 6. Let z be y(5). Let s(w) = 5*w**3 - w + 1. Give s(z).
5
Let s be ((-2)/(-6))/((-4)/(-48)). Let v(k) = -3*k**2 + 3*k + 2. Let d(h) = h - h - 3*h - 4 - 2*h + 7*h**2. Let l(y) = 2*d(y) + 5*v(y). What is l(s)?
6
Let w(z) = 2*z - 4. Let b be w(14). Let c = b + -19. Let h(j) = -j**3 + 5*j**2 - j + 4. Give h(c).
-1
Let y(p) = -p**3 - 4*p**2 + 8*p + 4. Suppose -5*k + 2*h - 22 = -h, -4*h + 16 = -4*k. Determine y(k).
-11
Suppose -5*h + 0*h - p = 13, -4*h = -4*p - 4. Let g(f) = -4*f - 1. Let i(w) = 9*w + 2. Let j(b) = 5*g(b) + 2*i(b). Give j(h).
3
Suppose -16 + 14 = 2*l. Let k(r) = -4*r - 1. Determine k(l).
3
Let p(o) = -5*o**2 - 3*o - 1. Let j(m) = -4*m**2 - 3*m - 1. Let r(k) = -4*j(k) + 3*p(k). Let t be 20/15*(0 - (-9)/(-6)). Give r(t).
-1
Let f(s) = 5*s + s**3 + 4*s - 5*s - 6*s**2. Let z = 1 - -4. Suppose 0 = -2*q - z*d, -2*q - 2*d = -0*d - 6. Calculate f(q).
-5
Suppose -6*s - 10 = -s. Let f(k) = 0 - k**2 + 5*k - 1 + 2*k - 5*k. Let w(z) = -z**2 + z - 1. Let c(r) = -5*f(r) + 6*w(r). Determine c(s).
3
Let t = 11 + -8. Let s = 17 + -21. Let i be (s + -1)*(-3)/t. Let x(k) = -k**2 + 4*k + 3. Determine x(i).
-2
Let c(v) be the third derivative of -v**5/60 - v**4/6 + v**3/3 - v**2. Let k be (-156)/16 - (-2)/(-8). Let o be (k - 0)*(-2)/(-4). Calculate c(o).
-3
Suppose 4*o + 15 = -2*g - 1, -5*o = 4*g + 17. Suppose -g*k = -5*k + 15. Let x(n) = -n + 5. Determine x(k).
0
Let g(j) = 4*j**3 + 2*j**2 + 2*j - 10. Let i(n) = -3*n**3 - 3*n**2 - n + 9. Let u(b) = -2*g(b) - 3*i(b). Suppose 4*a = -15 - 5. Calculate u(a).
-2
Let j(r) be the first derivative of r**3/3 - 5*r**2/2 - 4*r + 1. Let u(x) = -2 - 2*x + 8*x + 1. Let i be u(1). What is j(i)?
-4
Let k(x) = x + 1. Let m(j) = j + 2. Let z(s) = -5*k(s) + m(s). Let t be 6/18 + 16/(-3). Let i(a) = -3*a - 3. Let n(o) = t*i(o) + 4*z(o). Determine n(4).
-1
Let b(g) = g - g**2 - 2*g**2 + g**3 - 2*g + 1. Let c(t) = t**3 + 4*t**2 - t - 4. Let q be c(-4). Suppose -p - 21 = -4*d, -4*d = 3*p - q*p - 1. Calculate b(d).
13
Let i be (-559)/(-104) + (-6)/16. Let k(x) = -3*x**3 - 17*x**2 + 13*x - 4. Let p(h) = h**3 + 8*h**2 - 6*h + 2. Let a(d) = 2*k(d) + 5*p(d). Calculate a(i).
7
Let d = 1 + 0. Let p(x) = 6*x**2 + 4*x - 4. Let g(h) = -h**2 - h + 1. Let k(o) = d*p(o) + 3*g(o). Suppose 2*t = -2*l - 0*t + 4, 3*t = 4*l - 1. Determine k(l).
3
Let s(k) be the third derivative of 1/3*k**3 + 0*k - 2*k**2 + 0 - 1/360*k**6 + 1/120*k**5 + 0*k**4. Let h(v) be the first derivative of s(v). Give h(-2).
-6
Suppose 0 = 4*k - o + 24, -2*k + 3*o + 6 - 28 = 0. Let h(w) = w**3 + 4*w**2 - 3*w + 3. Calculate h(k).
-7
Let m(s) = 8 + 2*s - 3 + 1. Suppose -2*j = -5*q - 10, 5*j - 1 + 14 = 3*q. What is m(q)?
-2
Let v(f) = -f**3 - 4*f**2 + f - 1. Let m be (-4)/6 + 6/9. Let h = m + -4. Calculate v(h).
-5
Let u(x) = x**3 - 3*x**2 + x + 2. Let a = 6 + -4. Let s be u(a). Let d(w) = -w + 6. Calculate d(s).
6
Let o(h) = 3*h**2 + 3*h - 3. Let l be o(2). Suppose -2*x + 9 = -a, 2*x + 3*x - l = a. Let m(v) = -v**2 + v**2 - 2 + 0*v**x - v**2 - 6*v. Calculate m(-5).
3
Let v(y) = -11*y - 2. Let g(s) = 5*s + 1. Let d(x) = -9*g(x) - 4*v(x). What is d(7)?
-8
Suppose -15 = 15*g - 0*g. Let o = 6 + -4. Let l = g + o. Let d(q) = 4*q**2 - 2*q + 1. What is d(l)?
3
Let d(s) be the second derivative of -5*s**3/6 + s. Give d(1).
-5
Let b(z) = z**2 - 2. Let o(d) = -8*d**2 + 2*d + 13. Let m(g) = 14*b(g) + 2*o(g). Calculate m(2).
-2
Let o = 25 + -30. Let h(z) = z**3 + 7*z**2 + 6*z - 3. Calculate h(o).
17
Suppose 4*q - 2*q = 0. Let l(s) = q*s + 3*s - 2 - 4. Determine l(5).
9
Let j(n) = n**3 - 4*n**2 - 2*n - 4. Let c be j(5). Let t = c - 16. Let s(l) = -2*l - 5. What is s(t)?
5
Let w(i) = i**3 + 5*i**2 + i + 5. Let h be w(-5). Suppose g = -h - 3. Let x be ((g + 4)*0)/2. Let m(z) = -z - 4. Determine m(x).
-4
Let h(l) = -2*l - 6. Let k(o) = o**2 - 6*o + 3. Let p be k(4). Let g be h(p). Let i(t) = -t**3 + 5*t**2 - 6*t + 1. Calculate i(g).
-7
Let q(y) = 4*y - 7. Let n(b) = b - 1. Let j(w) = -5*n(w) + q(w). Let s(r) = -r + 8. Let 